 2*d. Suppose 0 = -10*x + 5*x + 30. Let s = -2 + x. Calculate the greatest common divisor of o and s.
4
Suppose 0 = 3*x - 5*n - 3693 + 264, -2*x = -3*n - 2286. Calculate the highest common divisor of x and 3.
3
Let h = 20 + 25. What is the greatest common factor of 15 and h?
15
Suppose -4*x = 3*i - 5835 + 2135, 3*x + 5*i - 2775 = 0. Calculate the highest common divisor of x and 37.
37
Suppose -4*t - 5*i = -t + 19, -20 = 4*i. Let c be -3*t/3*(-5)/2. Calculate the greatest common divisor of 40 and c.
5
Suppose -4*t + l + 55 = -0*l, 2*l = -5*t + 72. What is the highest common factor of 336 and t?
14
Let t be (-132)/(-34) + (-32)/(-272). Suppose 8*c = t*c + 52. Calculate the greatest common divisor of c and 39.
13
Let f(t) = -2*t + 2 + 3*t - 2. Let m = 15 - 13. Let j be f(m). Calculate the greatest common factor of j and 16.
2
Let k(w) = 3*w**2 + 85*w + 43. Let v be k(-28). Calculate the highest common factor of v and 45.
15
Suppose 10 = -2*f, -13 = -4*h - 16*f + 17*f. What is the greatest common divisor of h and 1?
1
Let x = -1 + 3. Let b(o) = o**x - 2 - 9 + 10 - 10 - 5*o. Let f be b(8). Calculate the greatest common divisor of 117 and f.
13
Let f = -441 + 631. Calculate the highest common factor of 10 and f.
10
Suppose -25 = -5*q + 25. Let s(o) = 35*o + 5. Let a be s(1). Calculate the highest common factor of a and q.
10
Let r(y) = -y**3 - 17*y**2 + 87*y + 84. Let z be r(-24). Calculate the greatest common factor of 78 and z.
78
Let y(z) = -19*z - 10. Suppose -5*d = -3*r - 3 - 35, -3*r = 4*d + 2. Let n be y(r). What is the greatest common factor of n and 26?
26
Suppose -3*m + 16*l + 924 = 17*l, -4*m + l = -1239. What is the highest common divisor of 824 and m?
103
Let f(p) = 39*p - 786. Let r be f(21). What is the highest common divisor of r and 396?
33
Let j = 207 - 196. What is the highest common divisor of j and 55?
11
Suppose 2*d - 144 = -r + 176, 5*r + 4*d = 1624. Calculate the greatest common factor of r and 8.
8
Let r be 76 - ((0/8)/8 + 6). What is the highest common factor of r and 480?
10
Let g(t) = -95*t + 331. Let s be g(-11). What is the highest common divisor of s and 32?
32
Suppose 43 = -2*b + 3. Let r = -8 - b. What is the greatest common factor of r and 18?
6
Suppose 5*t - 560 = -0*t. Suppose 6*z = 623 - 455. Calculate the greatest common divisor of z and t.
28
Let g be (76/3)/((-32)/(-1008)). Calculate the greatest common factor of g and 76.
38
Suppose 338 = 4*w + 18. Suppose 2*h + 4*o = -h + 14, 4*h = -o + 36. What is the greatest common divisor of h and w?
10
Suppose -5*t = -u - 21, 3 - 10 = -3*t + 2*u. Let k = -4 + 7. Suppose 3 + 16 = 4*n - i, -k*i = 3*n - 18. What is the highest common factor of t and n?
5
Let u(h) = -18*h + 490. Let l be u(27). Suppose -2*o + 406 = 5*p, -237 = -6*p + 3*p + o. Let n = p + -44. Calculate the greatest common factor of l and n.
4
Let h be (-1)/(14/12)*-7. Let c(y) = -4*y + 3. Let k = 3 + -6. Let f be c(k). Calculate the greatest common factor of h and f.
3
Let p be 14/4*32/28. Let h(v) = -v**2 + 8*v - 5. Let o be h(7). Suppose -4*l + p*g = -0*g - 24, o*l = g + 16. Calculate the greatest common divisor of l and 70.
10
Let x = 2751 + -1946. What is the highest common divisor of 35 and x?
35
Let k be 9/4 - (-2 - (-18)/8). Suppose -8 = k*q - 3*q. Calculate the greatest common divisor of q and 12.
4
Suppose 40*j - 6600 - 3280 = 0. Calculate the greatest common factor of 19 and j.
19
Let w(v) = -v**3 + 12*v**2 - 12*v + 36. Let u be w(10). Calculate the greatest common factor of 4 and u.
4
Let m be 5/(-15) - 13/(-3). Suppose 5*h = 8 + 2. Let z be (1/6)/1*(h - -4). Calculate the highest common divisor of m and z.
1
Suppose 22275 = 13*w - 7664. Calculate the highest common factor of 49 and w.
49
Let s(m) be the second derivative of -m**4/12 - m**3 - 2*m**2 + 12*m. Let z be s(-4). Let h = -14 - -46. What is the highest common factor of h and z?
4
Let f be (-72)/54 - (-2 + 208/(-3)). What is the greatest common divisor of 10 and f?
10
Let d be -6*138/(-12) - -6. Calculate the greatest common divisor of d and 60.
15
Let x be (-18)/(-8) - (-9)/12. Let o(w) = w + 2. Let p be o(x). Suppose q + 1 = 5, u = p*q - 8. Calculate the highest common divisor of 8 and u.
4
Let d = 309 - 489. Let f = d + 488. Calculate the highest common divisor of f and 28.
28
Let v(b) = 9*b**3 - 3*b**2 + 13*b - 16. Let o be v(2). Calculate the highest common divisor of 45 and o.
5
Let d = -18 + 42. Let t(f) = -f + 7. Let s be t(6). Suppose 4*l - 11 = s. Calculate the highest common divisor of l and d.
3
Suppose 3*m - 12 = 3. Suppose -m*h + 111 = i, -i + 3*i = -4*h + 198. Let p = -4 + 17. What is the greatest common factor of i and p?
13
Let z = 242 - 188. What is the highest common divisor of 18 and z?
18
Let f be ((-2262)/(-18))/13*6. What is the highest common divisor of 2 and f?
2
Let o = -241 + 486. Calculate the greatest common factor of 49 and o.
49
Let v(a) = -a**3 + 14*a**2 - 28*a + 57. Let b be v(12). Suppose 0*k = -k + 63. Calculate the highest common divisor of b and k.
9
Let h(y) = -y**2 - 24*y + 14. Let f be h(-24). What is the greatest common factor of 7 and f?
7
Let f = -158 - -446. Calculate the greatest common factor of f and 18.
18
Suppose 0 = 3*k + t - 19, -3*k = -t + 4*t - 15. Calculate the highest common divisor of k and 371.
7
Suppose r + 3375 = o, 3*o + r = -3*o + 20278. What is the highest common divisor of o and 109?
109
Suppose 25*d - 8166 = -1991. Let z = 9 + 10. What is the highest common factor of d and z?
19
Let k(y) = 2*y**2 - 5*y + 38. Let d be k(-4). What is the greatest common divisor of 342 and d?
18
Suppose 5*b - 32 - 8 = 0. Suppose -2*s + 20 = 3*t - 12, 3*t - 12 = 3*s. Calculate the highest common factor of b and t.
8
Let b be ((-39)/(2 + -5))/(-1). Let l be (-119)/(-13) - (-2)/b. Calculate the greatest common divisor of 18 and l.
9
Let j be (-4*14/4)/(8/(-40)). Calculate the highest common factor of 14 and j.
14
Let h be (2/(-4))/(11/1144). Let d = -44 - h. Calculate the greatest common divisor of 96 and d.
8
Let h be ((-2)/(-2) + -7)*5/(-15). Suppose -5*r = h*i - 54, -r - 3*i = i. What is the greatest common factor of 9 and r?
3
Let p be ((-102)/15 - -6)/(1/(-145)). Let b = p - 101. What is the highest common divisor of b and 165?
15
Let t be (3 - (-4 - -2))*-1. Suppose 7 = 5*m - 18. Let h = m - t. Calculate the highest common divisor of h and 80.
10
Suppose 6*w - 2*w - 40 = 0. Let y(q) = -3*q + 23. Let h be y(7). Calculate the greatest common factor of w and h.
2
Suppose -15*w = -6*w + 225. Let u = 116 + w. What is the highest common divisor of 26 and u?
13
Let s(o) = o**2 + 49*o - 95. Let y be s(-53). What is the greatest common factor of 144 and y?
9
Let w = -57 - -132. Let n be (8 + 1/((-12)/100))*-90. What is the greatest common factor of n and w?
15
Suppose 2*w + 4*q - 1111 = 313, w - q - 724 = 0. What is the greatest common factor of 45 and w?
45
Let r = -830 - -1860. Calculate the highest common factor of 10 and r.
10
Let j be 2/(-4)*(-1225 - 53). What is the highest common divisor of 284 and j?
71
Suppose 4*x + 1053 = 17*x. Calculate the greatest common factor of x and 1.
1
Suppose -3*r - 25 = -5*w, -3*w - 52*r = -53*r - 19. Calculate the greatest common factor of w and 280.
8
Let k(m) = -361*m**3 + m**2 + m - 1. Let g be k(-1). What is the highest common factor of 144 and g?
72
Let n(a) = a**3 - 8*a + 11. Let g be n(3). Calculate the highest common factor of 6 and g.
2
Let f be (-31)/((-2015)/10) + (-505)/(-13). What is the highest common divisor of f and 741?
39
Let g be (-6 + 3)*(1 - 2). Suppose i + g - 15 = 0. Suppose -5*l - 13 = -j, 5*l + 6 + 4 = 0. What is the highest common divisor of j and i?
3
Suppose -64 = 3*u - 7*u. Suppose 151 = 3*l + u. Suppose -g = -2*n + l, -2*n - g + 5*g + 42 = 0. What is the greatest common factor of n and 184?
23
Let z(n) = 13*n - 65. Let s be z(6). Calculate the greatest common divisor of s and 195.
13
Suppose 0 = -2*m + 261 + 115. Suppose 0 = -5*j + m + 652. What is the highest common factor of 21 and j?
21
Suppose r + 4 = -1. Let t be 1/r + (-573)/(-15). Calculate the highest common factor of 114 and t.
38
Suppose -21*q + 22*q - 1 = 0. Let l be ((-28)/(-6))/(q/33). What is the greatest common factor of 14 and l?
14
Suppose 0 = -2*k - 10, -3*v - 